tors of 31.
31
List the prime factors of 26395.
5, 5279
List the prime factors of 5552.
2, 347
List the prime factors of 950.
2, 5, 19
List the prime factors of 33334.
2, 7, 2381
List the prime factors of 739.
739
List the prime factors of 57193.
57193
List the prime factors of 8567.
13, 659
What are the prime factors of 18207?
3, 7, 17
List the prime factors of 5110.
2, 5, 7, 73
List the prime factors of 3869.
53, 73
List the prime factors of 7118.
2, 3559
List the prime factors of 17586.
2, 3, 977
List the prime factors of 11977.
7, 29, 59
What are the prime factors of 4410?
2, 3, 5, 7
What are the prime factors of 47012?
2, 7, 23, 73
What are the prime factors of 28829?
127, 227
What are the prime factors of 2006?
2, 17, 59
What are the prime factors of 7614?
2, 3, 47
What are the prime factors of 2241?
3, 83
What are the prime factors of 48413?
48413
What are the prime factors of 848?
2, 53
List the prime factors of 1770.
2, 3, 5, 59
What are the prime factors of 5189?
5189
What are the prime factors of 458?
2, 229
List the prime factors of 95632.
2, 43, 139
What are the prime factors of 13810?
2, 5, 1381
What are the prime factors of 3976?
2, 7, 71
What are the prime factors of 130145?
5, 26029
What are the prime factors of 5790?
2, 3, 5, 193
What are the prime factors of 11610?
2, 3, 5, 43
What are the prime factors of 116622?
2, 3, 11, 19, 31
What are the prime factors of 66748?
2, 11, 37, 41
What are the prime factors of 3174?
2, 3, 23
List the prime factors of 9804.
2, 3, 19, 43
List the prime factors of 16895.
5, 31, 109
What are the prime factors of 4520?
2, 5, 113
List the prime factors of 2685.
3, 5, 179
What are the prime factors of 3301?
3301
List the prime factors of 2680.
2, 5, 67
List the prime factors of 382.
2, 191
List the prime factors of 2543.
2543
List the prime factors of 4334.
2, 11, 197
List the prime factors of 21974.
2, 10987
List the prime factors of 21209.
127, 167
List the prime factors of 924.
2, 3, 7, 11
What are the prime factors of 1076?
2, 269
List the prime factors of 3078.
2, 3, 19
What are the prime factors of 2165?
5, 433
What are the prime factors of 55398?
2, 3, 7, 1319
What are the prime factors of 426?
2, 3, 71
List the prime factors of 1815.
3, 5, 11
What are the prime factors of 331?
331
List the prime factors of 2993.
41, 73
What are the prime factors of 263?
263
What are the prime factors of 340?
2, 5, 17
What are the prime factors of 47?
47
List the prime factors of 1017.
3, 113
What are the prime factors of 1444?
2, 19
What are the prime factors of 1750?
2, 5, 7
List the prime factors of 134840.
2, 5, 3371
List the prime factors of 17589.
3, 11, 13, 41
List the prime factors of 1053.
3, 13
List the prime factors of 1782.
2, 3, 11
List the prime factors of 14586.
2, 3, 11, 13, 17
What are the prime factors of 38865?
3, 5, 2591
What are the prime factors of 146206?
2, 41, 1783
List the prime factors of 813.
3, 271
List the prime factors of 733.
733
List the prime factors of 5885.
5, 11, 107
What are the prime factors of 2752?
2, 43
List the prime factors of 245.
5, 7
What are the prime factors of 21303?
3, 263
List the prime factors of 10087.
7, 11, 131
What are the prime factors of 910?
2, 5, 7, 13
What are the prime factors of 7515?
3, 5, 167
List the prime factors of 15480.
2, 3, 5, 43
What are the prime factors of 54478?
2, 27239
List the prime factors of 5764.
2, 11, 131
List the prime factors of 1691.
19, 89
List the prime factors of 327.
3, 109
List the prime factors of 2484.
2, 3, 23
What are the prime factors of 58557?
3, 131, 149
List the prime factors of 424.
2, 53
What are the prime factors of 9775?
5, 17, 23
List the prime factors of 6067.
6067
List the prime factors of 720.
2, 3, 5
List the prime factors of 54092.
2, 13523
What are the prime factors of 663?
3, 13, 17
List the prime factors of 1790.
2, 5, 179
List the prime factors of 14942.
2, 31, 241
What are the prime factors of 26863?
26863
What are the prime factors of 27918?
2, 3, 11, 47
List the prime factors of 1649.
17, 97
List the prime factors of 12736.
2, 199
List the prime factors of 2420.
2, 5, 11
What are the prime factors of 3297?
3, 7, 157
What are the prime factors of 25271?
37, 683
What are the prime factors of 103073?
59, 1747
List the prime factors of 1061.
1061
List the prime factors of 18370.
2, 5, 11, 167
What are the prime factors of 38805?
3, 5, 13, 199
List the prime factors of 1963.
13, 151
What are the prime factors of 2188?
2, 547
List the prime factors of 29577.
3, 9859
What are the prime factors of 7765?
5, 1553
List the prime factors of 2541.
3, 7, 11
List the prime factors of 844.
2, 211
List the prime factors of 9974.
2, 4987
List the prime factors of 98422.
2, 49211
What are the prime factors of 464?
2, 29
List the prime factors of 3967.
3967
What are the prime factors of 1429?
1429
What are the prime factors of 2877?
3, 7, 137
List the prime factors of 1100.
2, 5, 11
List the prime factors of 45871.
7, 6553
List the prime factors of 11403.
3, 7, 181
What are the prime factors of 6408?
2, 3, 89
List the prime factors of 14001.
3, 13, 359
List the prime factors of 28697.
28697
What are the prime factors of 6567?
3, 11, 199
List the prime factors of 2047.
23, 89
List the prime factors of 78946.
2, 7, 5639
What are the prime factors of 53607?
3, 107, 167
What are the prime factors of 145103?
7, 19, 1091
List the prime factors of 1942.
2, 971
What are the prime factors of 25?
5
List the prime factors of 600.
2, 3, 5
What are the prime factors of 5761?
7, 823
List the prime factors of 266.
2, 7, 19
What are the prime factors of 4662?
2, 3, 7, 37
List the prime factors of 5377.
19, 283
List the prime factors of 367.
367
What are the prime factors of 24353?
7, 71
List the prime factors of 8762.
2, 13, 337
What are the prime factors of 484?
2, 11
What are the prime factors of 920?
2, 5, 23
What are the prime factors of 115660?
2, 5, 5783
What are the prime factors of 4808?
2, 601
List the prime factors of 906.
2, 3, 151
What are the prime factors of 2541?
3, 7, 11
What are the prime factors of 92779?
92779
What are the prime factors of 891?
3, 11
List the prime factors of 3338.
2, 1669
What are the prime factors of 108769?
108769
What are the prime factors of 1892?
2, 11, 43
What are the prime factors of 29269?
29269
What are the prime factors of 84406?
2, 7, 6029
What are the prime factors of 11724?
2, 3, 977
List the prime factors of 7661.
47, 163
What are the prime factors of 10271?
10271
What are the prime factors of 15933?
3, 47, 113
List the prime factors of 20258.
2, 7, 1447
What are the prime factors of 88838?
2, 43, 1033
What are the prime factors of 4571?
7, 653
List the prime factors of 4097.
17, 241
List the prime factors of 1183.
7, 13
What are the prime factors of 34157?
34157
List the prime factors of 1389.
3, 463
List the prime factors of 20439.
3, 757
List the prime factors of 6714.
2, 3, 373
List the prime factors of 2781.
3, 103
List the prime factors of 38146.
2, 19073
What are the prime factors of 23880?
2, 3, 5, 199
List the prime factors of 276.
2, 3, 23
What are the prime factors of 78359?
127, 617
What are the prime factors of 23835?
3, 5, 7, 227
What are the prime factors of 914?
2, 457
What are the prime factors of 218?
2, 109
List the prime factors of 2155.
5, 431
What are the prime factors of 2095?
5, 419
What are the prime factors of 7375?
5, 59
List the prime factors of 25537.
25537
List the prime factors of 3933.
3, 19, 23
What are the prime factors of 92053?
13, 73, 97
List the prime factors of 131978.
2, 7, 11, 857
What are the prime factors of 61662?
2, 3, 43, 239
List the prime factors of 8623.
8623
What are the prime factors of 12037?
12037
List the prime factors of 93862.
2, 71, 661
What are the prime factors of 6347?
11, 577
What are the prime factors of 1202?
2, 601
List the prime factors of 2246.
2, 1123
List the prime factors of 6608.
2, 7, 59
What are the prime factors of 1614?
2, 3, 269
List the prime factors of 1240.
2, 5, 31
List the prime factors of 53915.
5, 41, 263
List the prime factors of 45867.
3, 15289
List the prime factors of 39424.
2, 7, 11
What are the prime factors of 2884?
2, 7, 103
List the prime factors of 47127.
3, 23, 683
What are the pri